 r(3).
-6
Let p(i) = -2 + 8*i + 3 + 0. Suppose 23 = -18*j + 8 - 21. Calculate p(j).
-15
Let z = 15 - 11. Suppose 5*b - b + 32 = 2*f, -z*f - 4*b = -52. Let v = f - 13. Let q(p) = 4*p**3 - p**2 + p. Calculate q(v).
4
Let m(a) = a**3 + 11*a**2 + a + 16. Suppose -6*o + 11*o + 69 = -4*n, -24 = 4*n - 4*o. What is m(n)?
5
Let q(i) = i**3 + 10*i**2 - 9*i + 24. Suppose 0 = 59*u + 386 + 263. Calculate q(u).
2
Let s(r) = 61 - 2119*r - 49 + 2120*r. Determine s(-6).
6
Suppose -34 = -419*a + 402*a. Let j(x) = x**3 - 4*x**2 + x - 2. Determine j(a).
-8
Let n(y) be the third derivative of y**7/2520 - y**6/360 + y**5/10 + 5*y**2. Let u(h) be the third derivative of n(h). Give u(-2).
-6
Let f be (6 + 210/(-36))*(1 + -1). Let x(a) = a**3 - a**2 + 5. Determine x(f).
5
Let g(a) = -2*a + 21 + 7*a - 3*a. Let p be g(-10). Let q(j) = -2*j + j + 2 + p. Calculate q(4).
-1
Suppose 2*u = -5*o, 16*u - 11*u - 2*o = -29. Let n(z) be the third derivative of z**4/24 + 2*z**3/3 - z**2. Determine n(u).
-1
Let d(s) = s**3 + 14*s**2 + s + 13. Suppose -5*r + r = 56. Let v be d(r). Let j(b) = -1 + 4*b**2 - 2*b + 0*b + 0. Give j(v).
5
Let x = -51 + 56. Let r(n) = -2*n + 2*n + 3*n - 4 - x*n + n**2. Determine r(3).
-1
Let l(c) = -5*c - 2. Let u = -7 - -9. Let v(k) = 2*k - 1 + 1 - 6*k - u. Let g(p) = -6*l(p) + 7*v(p). Determine g(-4).
-10
Let f(w) = 3*w + 2. Let z(g) = 2*g**2 - 30*g - 29. Let r be z(16). Suppose -6 = r*t - 6*t. Determine f(t).
8
Let d(n) be the second derivative of -15*n - 7/6*n**3 - 4*n**2 + 0 - 1/12*n**4. Determine d(-6).
-2
Let t(p) = -17*p - 19. Let u(b) = -4*b - 5. Suppose 0 = -6*f + 15 - 3. Let m(w) = f*t(w) - 9*u(w). What is m(-5)?
-3
Let j = 39 - 35. Let t(z) = 0*z**2 + z**2 + 2*z - 3*z**2 - 1 + 0*z**3 - j*z**3. Calculate t(1).
-5
Suppose 13*m = 15*m - 4. Let x(b) = 1 - 4 + b + b**m + 6. Determine x(0).
3
Suppose 3*l - 150 = 33*l. Let q(w) = -w**3 - 6*w**2 - 4*w - 7. Calculate q(l).
-12
Let f(q) be the second derivative of q**4/3 - 2*q**3/3 + 2*q**2 - 20*q - 4. Determine f(3).
28
Suppose -6 = -4*m + 5*b - 7*b, -m - b + 1 = 0. Let p(h) = 2*h**2 + 2*h + 9. Let x(c) = -c**2 - 3*c - 8. Let v(u) = m*p(u) + 3*x(u). Give v(5).
-6
Suppose -k = 3*k + 2*s + 6, 0 = -2*k + 2*s - 6. Let u(h) = 96*h + 102*h - 299*h - 1 + 99*h. What is u(k)?
3
Let k(n) = -11*n + 367. Let c be k(34). Let a(t) = -2*t + 9. Give a(c).
23
Let q(w) = -5*w**2 + 0*w**2 - 13*w**2 + 2*w**2 - 4*w**2 + 1. What is q(-1)?
-19
Suppose 5*g + 4*r - 20 = 11, 0 = 3*g + 5*r - 16. Let w(j) = 5 + 6*j + 3*j - g*j - j. Give w(6).
11
Let j be (3/(-9))/((-1)/51). Let k = 11 - j. Let s(w) = -w**2 - 10*w + 5. Let n(h) = -3*h**2 - 29*h + 15. Let x(z) = -6*n(z) + 17*s(z). Calculate x(k).
7
Let l(s) = -s - 4. Suppose 0 = 2*c + 2*d - 5 + 27, -d = 4. Let f be l(c). Let a(k) = 2 + k + 5 - 4 + f. Calculate a(0).
6
Let z(l) = -34*l + 443. Let n be z(13). Let s(p) = 36*p**2 - 2*p + 1. Calculate s(n).
35
Let y(u) = -u**2 + 6*u - 9. Let h be 330/88*4/3. What is y(h)?
-4
Let p(n) = n - 2*n + n + 2*n + 4. Suppose 5*l + 4*k + 2 + 5 = 0, -3*k = 2*l. Calculate p(l).
-2
Suppose 79 + 276 = 5*f. Let n(o) = o**2 + f*o - 35*o + o**3 - 2 - 38*o. What is n(-2)?
-2
Let v(d) = d**3 + 6*d**2 + 3*d - 3. Let l(b) = 6*b - 5. Let i be l(0). What is v(i)?
7
Let l(y) = y**3 - 10*y**2 - 9*y - 14. Let c(b) = -2*b**3 + 14*b**2 + 2*b - 3. Let a be c(7). What is l(a)?
8
Let j(f) = f**3 - 6*f**2 + 7*f. Let b be -1*6/(-4)*(-12)/(-18). Let x(z) = z**2 - 1. Let q(h) = b*j(h) - 3*x(h). What is q(8)?
-5
Let j(h) = 596*h - 605*h + h**2 + 12 + 1. Calculate j(8).
5
Let y(s) = -s**3 - 7*s**2 + 11*s + 3. Suppose -q + 8 = -4*h, 3*q - 2*h = -11 - 5. What is y(q)?
-21
Let l(a) = -5*a**3 - a**2 - 2*a - 1. Suppose -2*v - 2*v = 0, -3*y - 3 = -4*v. What is l(y)?
5
Let g(n) be the first derivative of n**4/4 + 3*n**3 + 4*n**2 - 5*n - 13. Calculate g(-8).
-5
Let f(o) = 2*o - o + 4*o - 9 + 2*o - o**2. Suppose -10 - 14 = -4*q. Calculate f(q).
-3
Let i(p) = p**3 + 4*p**2 + p + 4. Let o be (-6)/(-24) - (-7)/4. Suppose -m + 8 = -2*m. Let z be m*(o + 6/(-4)). Calculate i(z).
0
Suppose -986 = 3*n - 998. Let l(w) = w + 3. Let d(m) = -2. Let u(b) = -5*d(b) - 3*l(b). Calculate u(n).
-11
Let n(b) be the second derivative of 1/3*b**3 + 1/2*b**2 + 0 - 22*b. Suppose -3 + 0 = -y - u, 0 = 5*y - 2*u + 20. Determine n(y).
-3
Let y(b) = b**2 + 5*b + 3. Let p be (45/(-2))/(-5)*28/(-21). Calculate y(p).
9
Let y(s) = 7*s**3 - 14*s**2 - 19*s - 13. Let d(z) = -11*z**3 + 21*z**2 + 29*z + 19. Let u(m) = 5*d(m) + 8*y(m). Determine u(8).
-1
Let j(r) = r + 19. Let d(n) = n**2 + 7*n - 7 - 3 + 1. Let w be d(-7). What is j(w)?
10
Let m = -25 - -27. Let b(w) = -w - 1 + 4*w**m - 2*w**2 + w**2 - 2*w**2. Determine b(1).
-1
Suppose 0 = 2*p - 5*i - 22, -3*p + 4*p - 8 = 4*i. Suppose -2*q - 4 = 0, -d + 4*q = 3*d - p. Let m(s) = 5*s - 3*s - 3*s - 4 + s**d. Give m(0).
-4
Let w(s) = -2*s**2 - s + 2. Let l be (16/(-48))/((-1)/6). Suppose -5*b + l*b = 0. Let n be (-3 - -6) + b + -5. Calculate w(n).
-4
Suppose 2*t = -0*t. Let a = 3 - 5. Let x = t - a. Let r(m) = 3*m**2 - m - 1. Determine r(x).
9
Let b = -7 - -11. Suppose 0*u - 8 = -b*u. Let f(q) = 16 - 9 + u*q - 11. Determine f(3).
2
Let d be 80/960 - (-53)/12. Let p(r) be the second derivative of -d*r**2 + 0 - 1/6*r**3 + 10*r. What is p(-6)?
-3
Let u(p) = p + 2. Let h be (-4)/(5 - 1) + -11. Let o be (-11)/(-3) - h/(-18). Suppose -2*l - j = -4, -o*l + 0*l - 3*j + 12 = 0. Determine u(l).
2
Let o(a) = -4*a**3 + a**2. Suppose -5*j + 5 = 0, -3*p + 0*j - 6 = -3*j. Determine o(p).
5
Let p(q) = q**3 - 7*q**2 - 6*q + 9. Suppose 0 = -5*j - 3*j + 64. Determine p(j).
25
Let f(s) = s**3 + 4*s**2 + 2*s + 3. Let v(n) = 4*n + 40. Let o be v(-11). What is f(o)?
-5
Let v = 23 + -19. Suppose -v*b - 3 = -b. Let j(l) = 2791 - 2791 - 9*l. Calculate j(b).
9
Let j(t) be the first derivative of -t**2/2 + 15*t - 30. Let u be j(9). Let d(a) = 3*a - 6. Calculate d(u).
12
Let f(t) = -1. Let z be (-1)/(-5) + 453/(-15). Let r = -29 - z. Let a(y) = -4*y - 5. Let h(s) = r*a(s) + 4*f(s). Determine h(-6).
15
Suppose 0 = -3*k - z + 11, 2 = 5*k + 5*z - 3. Let p(b) = 101*b - 52*b - 47*b - k. What is p(4)?
3
Let h(w) = 9 - 16*w**2 - 3 - 6 + 3*w. Let p(b) = 4*b**2 - b. Let r(g) = -2*h(g) - 9*p(g). Calculate r(2).
-10
Suppose -9*b = 31 - 139. Let f(y) = -y + 16. Give f(b).
4
Let y(t) = -1. Let s(g) = -g + 18. Suppose 5*i - 3*i = -20. Let b = 6 + i. Let z(j) = b*y(j) - s(j). Determine z(6).
-8
Let z be 3 + ((-9)/3 + 6)/1. Let j(h) = 4 + h + h + 5*h**2 + 4*h**3 + 3*h**3 - z*h**3. What is j(-5)?
-6
Let k = 38 - 34. Suppose -4 = u - 4*u + 5*y, -k*u = -y + 6. Let c(f) = -2*f - 3. What is c(u)?
1
Suppose z + 2 - 15 = -2*m, -5*m + 5*z = -10. Let y be 4/(-10) - 6/(-15). Let c(d) = -6 + y*d + d + 4*d - 2*d. What is c(m)?
9
Suppose o - z = 15 + 46, 0 = -5*o + 3*z + 299. Let y = -51 + o. Let p(l) = l**2 - 6*l - 7. What is p(y)?
0
Let a(f) = 78*f + 477. Let w be a(-6). Let d(j) = j**3 - 10*j**2 + 9*j - 11. Determine d(w).
-11
Let d(m) = 0*m + 3*m + 3 - 2*m - 6*m. Let w(k) be the second derivative of -k**3/6 + k**2/2 - 2*k. Let c(o) = -2*d(o) + 9*w(o). Calculate c(0).
3
Let z(o) be the first derivative of -o**3/3 - 13*o**2/2 - 32*o + 23. Let k be z(-8). Let w(c) = c**2 - 7*c + 3. Determine w(k).
11
Let q(l) be the third derivative of -l**6/120 + 2*l**5/15 - 7*l**4/24 - l**3/2 + 130*l**2. Suppose u = 4*s + 6*u - 28, 5*s + 2*u - 35 = 0. What is q(s)?
-3
Let h(y) = y**3 + y**2 + 2*y - 2. Let f be h(1). Let i(p) = f - 2*p**3 - 6*p**2 + 0*p**3 + 0*p**3 + p + p**3. What is i(-6)?
-4
Let g(t) = -t + 3. Let o = -12 + 16. Let z be (32/12)/((-4)/6). Let s = o + z. Calculate g(s).
3
Suppose -5*s - 17 = -b + 4*b, -2*s + 4 = 0. Let m = 11 + b. Let y(f) = 1 + f + 0 + 0 - m. Give y(2).
1
Let b be (-48)/(-18) - (-2)/(-3). Let g be 15/3 - (b + -1). Let x(s) = -s**2 + 2*s + 1. What is x(g)?
-7
Let u(p) = -17*p**2 - 16 + 14578*p - 2*p**3 - 7291*p - 7296*p. Calculate u(-8).
-8
Let i(u) = 3*u**2 - 25*u + 12. Let g be i(8). Let b(q) = -q**2 + q + 4. Determine b(g).
-8
Let j be (-385)/22 + 8 + (-3)/(-2). Let z(r) = -r**2 - 6*r + 8. Determine z(j).
-8
Let w(a) = 0*a**2 - 9 - 5*a**2 + a + 4*a**2. Suppose 2*y + 8 = 6*y. Suppose -4 = 4*f - 8, 4*j + y*f - 2 = 0. Calculate w(j).
-9
Let m(w) = 3*w + 0*w + w**2 - 6 + w. Let v(h) = -h**3 - 7*h**2 - 6*h